{"id":2,"date":"2014-02-06T13:38:23","date_gmt":"2014-02-06T11:38:23","guid":{"rendered":"http:\/\/wyrich.net\/?page_id=2"},"modified":"2024-06-01T14:54:45","modified_gmt":"2024-06-01T12:54:45","slug":"beispiel-seite","status":"publish","type":"page","link":"http:\/\/wyrich.net\/","title":{"rendered":"\u00dcber uns"},"content":{"rendered":"<p><strong>Herzlich Willkommen bei Tobias Wyrich &#8211; Ihrem Fachbetrieb f\u00fcr Garten- und Landschaftsbau<br \/>\n<\/strong><\/p>\n<p><img loading=\"lazy\" decoding=\"async\" class=\"alignright\" style=\"border: 0px none;\" src=\"http:\/\/wyrich.net\/wp-content\/uploads\/2014\/02\/TobiasWyrich-276x300.jpg\" alt=\"Portrait Tobias Wyrich\" width=\"276\" height=\"300\" \/><\/p>\n<p>Ich bin 1981 geboren und ausgebildeter Landschaftsg\u00e4rtner. Mit meiner Frau Annegret Wyrich geb. K\u00f6hler habe ich 3 Kinder und wohne in Bietigheim-Bissingen. Mein Lager befindet sich in Metterzimmern.<\/p>\n","protected":false},"excerpt":{"rendered":"<p>Herzlich Willkommen bei Tobias Wyrich &#8211; Ihrem Fachbetrieb f\u00fcr Garten- und Landschaftsbau Ich bin 1981 geboren und ausgebildeter Landschaftsg\u00e4rtner. Mit meiner Frau Annegret Wyrich geb. K\u00f6hler habe ich 3 Kinder und wohne in Bietigheim-Bissingen. Mein Lager befindet sich in Metterzimmern.<\/p>\n","protected":false},"author":1,"featured_media":0,"parent":0,"menu_order":1,"comment_status":"closed","ping_status":"closed","template":"template-fullwidth.php","meta":{"footnotes":""},"_links":{"self":[{"href":"http:\/\/wyrich.net\/index.php?rest_route=\/wp\/v2\/pages\/2"}],"collection":[{"href":"http:\/\/wyrich.net\/index.php?rest_route=\/wp\/v2\/pages"}],"about":[{"href":"http:\/\/wyrich.net\/index.php?rest_route=\/wp\/v2\/types\/page"}],"author":[{"embeddable":true,"href":"http:\/\/wyrich.net\/index.php?rest_route=\/wp\/v2\/users\/1"}],"replies":[{"embeddable":true,"href":"http:\/\/wyrich.net\/index.php?rest_route=%2Fwp%2Fv2%2Fcomments&post=2"}],"version-history":[{"count":18,"href":"http:\/\/wyrich.net\/index.php?rest_route=\/wp\/v2\/pages\/2\/revisions"}],"predecessor-version":[{"id":163,"href":"http:\/\/wyrich.net\/index.php?rest_route=\/wp\/v2\/pages\/2\/revisions\/163"}],"wp:attachment":[{"href":"http:\/\/wyrich.net\/index.php?rest_route=%2Fwp%2Fv2%2Fmedia&parent=2"}],"curies":[{"name":"wp","href":"https:\/\/api.w.org\/{rel}","templated":true}]}}