{"id":16,"date":"2014-03-15T17:40:12","date_gmt":"2014-03-15T15:40:12","guid":{"rendered":"http:\/\/wyrich.net\/?page_id=16"},"modified":"2018-11-23T20:27:41","modified_gmt":"2018-11-23T18:27:41","slug":"werte","status":"publish","type":"page","link":"http:\/\/wyrich.net\/?page_id=16","title":{"rendered":"Werte"},"content":{"rendered":"<p>Ehrlichkeit und Offenheit<\/p>\n<blockquote><p>Als Person ist es mir wichtig, mit meinen Mitmenschen und Kunden offen und ehrlich umzugehen.<br \/>\nMein Ziel ist, dass Sie als Kunde am Ende zufrieden sind.\u00a0 Dabei ist es wichtig, Dinge offen und ehrlich zu besprechen und bei Problemen gemeinsam zu einer L\u00f6sung zu kommen.<\/p><\/blockquote>\n<p>Beratung<\/p>\n<blockquote><p>Ich berate Sie gerne ein erstes Mal kostenfrei vor Ort. Meine Beratung wird immer zu Ihrem Vorteil stattfinden und Sie von mir alle mir bekannten Informationen zu Ihren Fragen rund um den Garten bekommen, die Ihnen n\u00fctzen k\u00f6nnten. Aber mein Wissen ist auch als Landschaftsg\u00e4rtner begrenzt. Darum sage ich es Ihnen, wenn ich mir einer Sache nicht sicher bin und werde dann Informationen zu diesem Thema einholen.<\/p><\/blockquote>\n<p>Sauberkeit und Ordnung<\/p>\n<blockquote><p>Bei meiner Arbeit als Landschaftsg\u00e4rtner kann es durchaus dazu kommen, dass es etwas dreckig wird. Ich bin aber immer bem\u00fcht\u00a0 meinen Arbeitsplatz ordentlich und sauber zu hinterlassen. Bei l\u00e4ngeren Baustellen will ich L\u00f6sungen finden, die die Schmutzbelastung f\u00fcr Sie als Kunden m\u00f6glichst gering halten.<\/p><\/blockquote>\n<p>Natur und Garten<\/p>\n<blockquote><p>Pers\u00f6nlich lege ich Wert auf einen r\u00fccksichtsvollen Umgang mit der Sch\u00f6pfung. Daher versuche ich G\u00e4rten \u00f6kologisch wertvoll anzulegen und sie auch schonend zu pflegen. Da mir die heimische Flora und Fauna am Herzen liegt, m\u00f6chte ich, wenn m\u00f6glich heimische Pflanzen verwenden. Auch bei Arbeiten mit Pflaster, Steinen, etc.\u00a0 achte ich auf die Herkunft.<\/p><\/blockquote>\n<p>Nachhaltigkeit<\/p>\n<blockquote><p>Unseren Strom beziehen wir von Naturstrom und unser B\u00fcro wird mit einer Pelletheizung beheizt.<br \/>\nAuch beim Verbrauch von Wasser achte ich darauf, dass der Einsatz sinnvoll geschieht.<br \/>\nBei Ger\u00e4ten bin ich immer auf der Suche nach effizienten Ger\u00e4ten\u00a0und ich achte auf Verbrauchswerte.<\/p>\n<p>&nbsp;<\/p><\/blockquote>\n","protected":false},"excerpt":{"rendered":"<p>Ehrlichkeit und Offenheit Als Person ist es mir wichtig, mit meinen Mitmenschen und Kunden offen und ehrlich umzugehen. Mein Ziel ist, dass Sie als Kunde am Ende zufrieden sind.\u00a0 Dabei ist es wichtig, Dinge offen und ehrlich zu besprechen und bei Problemen gemeinsam zu einer L\u00f6sung zu kommen. Beratung Ich<\/p>\n","protected":false},"author":1,"featured_media":0,"parent":0,"menu_order":2,"comment_status":"closed","ping_status":"closed","template":"template-fullwidth.php","meta":{"footnotes":""},"_links":{"self":[{"href":"http:\/\/wyrich.net\/index.php?rest_route=\/wp\/v2\/pages\/16"}],"collection":[{"href":"http:\/\/wyrich.net\/index.php?rest_route=\/wp\/v2\/pages"}],"about":[{"href":"http:\/\/wyrich.net\/index.php?rest_route=\/wp\/v2\/types\/page"}],"author":[{"embeddable":true,"href":"http:\/\/wyrich.net\/index.php?rest_route=\/wp\/v2\/users\/1"}],"replies":[{"embeddable":true,"href":"http:\/\/wyrich.net\/index.php?rest_route=%2Fwp%2Fv2%2Fcomments&post=16"}],"version-history":[{"count":7,"href":"http:\/\/wyrich.net\/index.php?rest_route=\/wp\/v2\/pages\/16\/revisions"}],"predecessor-version":[{"id":141,"href":"http:\/\/wyrich.net\/index.php?rest_route=\/wp\/v2\/pages\/16\/revisions\/141"}],"wp:attachment":[{"href":"http:\/\/wyrich.net\/index.php?rest_route=%2Fwp%2Fv2%2Fmedia&parent=16"}],"curies":[{"name":"wp","href":"https:\/\/api.w.org\/{rel}","templated":true}]}}